{"id":1268,"date":"2010-09-13T09:49:02","date_gmt":"2010-09-13T07:49:02","guid":{"rendered":"http:\/\/anjalorenz.wordpress.com\/?page_id=2"},"modified":"2026-03-11T23:34:30","modified_gmt":"2026-03-11T22:34:30","slug":"about","status":"publish","type":"page","link":"https:\/\/secret-cow-level.de\/wordpress\/about\/","title":{"rendered":"\u00dcber mich"},"content":{"rendered":"<div class=\"wp-block-image\">\n<figure class=\"alignright size-large is-resized\"><img loading=\"lazy\" decoding=\"async\" width=\"683\" height=\"1024\" src=\"https:\/\/secret-cow-level.de\/wordpress\/wp-content\/uploads\/2025\/04\/2025-04-09_CC0_ChatGPT-OER-Barbie_Anja-683x1024.png\" alt=\"\" class=\"wp-image-3303\" style=\"width:235px;height:auto\" srcset=\"https:\/\/secret-cow-level.de\/wordpress\/wp-content\/uploads\/2025\/04\/2025-04-09_CC0_ChatGPT-OER-Barbie_Anja-683x1024.png 683w, https:\/\/secret-cow-level.de\/wordpress\/wp-content\/uploads\/2025\/04\/2025-04-09_CC0_ChatGPT-OER-Barbie_Anja-200x300.png 200w, https:\/\/secret-cow-level.de\/wordpress\/wp-content\/uploads\/2025\/04\/2025-04-09_CC0_ChatGPT-OER-Barbie_Anja-768x1152.png 768w, https:\/\/secret-cow-level.de\/wordpress\/wp-content\/uploads\/2025\/04\/2025-04-09_CC0_ChatGPT-OER-Barbie_Anja-600x900.png 600w, https:\/\/secret-cow-level.de\/wordpress\/wp-content\/uploads\/2025\/04\/2025-04-09_CC0_ChatGPT-OER-Barbie_Anja-945x1418.png 945w, https:\/\/secret-cow-level.de\/wordpress\/wp-content\/uploads\/2025\/04\/2025-04-09_CC0_ChatGPT-OER-Barbie_Anja.png 1024w\" sizes=\"auto, (max-width: 683px) 100vw, 683px\" \/><\/figure>\n<\/div>\n\n\n<p class=\"wp-block-paragraph\">Normalerweise w\u00fcrde ich sagen: &#8222;Man kann mich doch ganz einfach googeln.&#8220; ABER mein Name ist ein Sammelbegriff und daher stecke ich nicht hinter jedem Treffer f\u00fcr &#8222;Anja Lorenz&#8220;. Aus diesem Grund (und weil man sich die URL so sch\u00f6n merken kann) habe ich hier meine relevanten Webprofile zusammengestellt:<\/p>\n\n\n\n<p class=\"wp-block-paragraph\"><a href=\"https:\/\/secret-cow-level.de\/#contact\">https:\/\/secret-cow-level.de\/#contact<\/a><\/p>\n\n\n\n<p class=\"has-text-align-left wp-block-paragraph\">Dort finden&nbsp;sich auch einige Wege, um mit mir in Kontakt zu treten.<\/p>\n\n\n\n<p class=\"wp-block-paragraph\">Au\u00dferdem sucht Ihr vielleicht:<\/p>\n\n\n\n<ul class=\"wp-block-list\">\n<li><a href=\"https:\/\/secret-cow-level.de\/wordpress\/about\/publikationen\/\">meine Publikationen, Vortr\u00e4ge, Workshops und vor allem Links zu den Slides und Materialien<\/a> (meist frei lizenziert)<\/li>\n\n\n\n<li><a href=\"https:\/\/secret-cow-level.de\/wordpress\/about\/wissenschaftliche-dienstleistungen\/\">wissenschaftliche Dienstleistungen und was ich sonst noch so mache<\/a>.<\/li>\n<\/ul>\n\n\n\n<h2 class=\"wp-block-heading\">Kurze Vita<\/h2>\n\n\n\n<p class=\"wp-block-paragraph\">(braucht man ja irgendwie manchmal in Tagungsb\u00e4nden o.\u00e4.)<\/p>\n\n\n\n<blockquote class=\"wp-block-quote is-layout-flow wp-block-quote-is-layout-flow\">\n<p class=\"wp-block-paragraph\">Anja Lorenz arbeitet als Instructional Designerin am Institut f\u00fcr Interaktive Systeme der Technischen Hochschule L\u00fcbeck und besch\u00e4ftigt sich mit allem, was digitale Bildung offener, praktischer und zug\u00e4nglicher macht. Nach dem Medieninformatik-Studium an der TU Dresden hat sie erste MOOCs entwickelt und offene Bildungsangebote weitergedacht. Neben ihrer Arbeit in Forschungs- und Entwicklungsprojekten wie dem <a href=\"https:\/\/dlc.sh\/\" data-type=\"link\" data-id=\"https:\/\/dlc.sh\/\" target=\"_blank\" rel=\"noreferrer noopener\">Digital Learning Campus<\/a> ist sie eine H\u00e4lfte des Podcasts <a href=\"https:\/\/bldg-alt-entf.de\/\" target=\"_blank\" rel=\"noreferrer noopener\">BldgAltEntf<\/a>, Vorstandsvorsitzende im Verein <a href=\"https:\/\/educamps.org\/\" data-type=\"link\" data-id=\"https:\/\/educamps.org\/\" target=\"_blank\" rel=\"noreferrer noopener\">EduCamp e.V.<\/a> und im Orga-Team vom <a href=\"https:\/\/barcamp-luebeck.de\/\" target=\"_blank\" rel=\"noreferrer noopener\">BarCamp L\u00fcbeck<\/a>. Sie ist in verschiedenen Gremien rund um Open Education aktiv \u2013 darunter der <a href=\"https:\/\/www.oer-strategie.de\/\">OER-Beirat des BMBF<\/a>. Am liebsten w\u00fcrde sie ihre Vita durch einen gut gepflegten RSS-Feed ersetzen.<\/p>\n<\/blockquote>\n\n\n\n<h2 class=\"wp-block-heading\">Kurzer CV<\/h2>\n\n\n\n<p class=\"wp-block-paragraph\">\u2026 ist nie ganz vollst\u00e4ndig und nicht immer aktuell, hilft aber bei der Orientierung (auch und vor allem mir), ist am sch\u00f6nsten im Vollbild.<\/p>\n\n\n<div class=\"h5p-iframe-wrapper\"><iframe id=\"h5p-iframe-27\" class=\"h5p-iframe\" data-content-id=\"27\" style=\"height:1px\" src=\"about:blank\" frameBorder=\"0\" scrolling=\"no\" title=\"CV\"><\/iframe><\/div>\n\n\n\n<h2 class=\"wp-block-heading\">Wann habe ich Zeit?<\/h2>\n\n\n\n<p class=\"has-text-align-left wp-block-paragraph\">Schaut gern schon mal in meinen&nbsp;<a href=\"https:\/\/www.google.com\/calendar\/embed?src=loran1984%40gmail.com&amp;ctz=Europe\/Berlin\">Kalender<\/a>, das k\u00f6nnte die Terminfindung vereinfachen.<\/p>\n\n\n\n<h2 class=\"wp-block-heading\">Lizenz des Blogs<\/h2>\n\n\n\n<p class=\"wp-block-paragraph\"><a href=\"http:\/\/creativecommons.org\/licenses\/by-sa\/4.0\/\" rel=\"license\"><img decoding=\"async\" style=\"border-width: 0;\" src=\"https:\/\/i.creativecommons.org\/l\/by-sa\/4.0\/88x31.png\" alt=\"Creative Commons Lizenzvertrag\"><\/a><br>Sofern an den einzelnen Beitr\u00e4gen und Medien nichts anderes vermerkt ist, ist dieses Werk lizenziert unter einer <a href=\"http:\/\/creativecommons.org\/licenses\/by-sa\/4.0\/\" rel=\"license\">Creative Commons Namensnennung &#8211; Weitergabe unter gleichen Bedingungen 4.0 International Lizenz<\/a>. Als Urheberin soll <strong>Anja Lorenz<\/strong> genannt werden.<\/p>\n\n\n\n<p class=\"wp-block-paragraph\">Ich habe diese Lizenz gew\u00e4hlt, weil ich somit selbst sehr frei agieren kann und bspw. auch CC BY-SA-Werke ohne gr\u00f6\u00dfere Umst\u00e4nde verwenden und remixen kann. <strong>Wenn diese Lizenz aber f\u00fcr Euch problematisch sein sollte, dann fragt mich gern an!<\/strong> Viele Inhalte sind auch komplett von mir selbst, die kann ich auch &#8222;lockerer&#8220; lizenzieren.<\/p>\n\n\n\n<details class=\"wp-block-details is-layout-flow wp-block-details-is-layout-flow\"><summary>\u2026 oder als LinkedIn-Roast<\/summary>\n<h3>LinkedIn-Roast<\/h3>\n\n\n\n<p class=\"wp-block-paragraph\">Erstellt mit &#8222;<a href=\"https:\/\/liroast.web.app\/\">The Ultimate LinkedIn Roaster<\/a>&#8222;, \u00fcbersetzt mit DeepL, Stand: 20.01.2025,<\/p>\n\n\n\n<p>Oh, wen haben wir denn da? Das ist Anja Lorenz, der selbsternannte \u201eCyber Upskilling\u201c-Guru aus L\u00fcbeck. Tauchen wir ein in dieses digitale Desaster, ja?<\/p>\n\n\n\n<p class=\"wp-block-paragraph\">Erstens: Deine \u201eSuperkraft\u201c ist es, sowohl mit IT-Nerds als auch mit Bildungsfreaks zu sprechen? Wow, zweisprachig in Langweilig und Snooze! Ich wette, Sie sind der Mittelpunkt der Party auf diesen wilden \u201eEduCamp\u201c-Raves.<\/p>\n\n\n\n<p class=\"wp-block-paragraph\">Apropos, was hat es mit dieser \u00dcberschrift auf sich? Sieht aus, als h\u00e4ttest du gerade Buchstabensuppe \u00fcber dein Profil gekotzt. \u201eBldgAltEntf\u201c? Ist das ein Wort oder bist du auf deiner Tastatur eingeschlafen?<\/p>\n\n\n\n<p class=\"wp-block-paragraph\">Und lassen Sie uns \u00fcber Ihre Ausbildung sprechen. Sie haben einen Doktortitel in \u201eWirtschaftsinformatik\u201c begonnen, aber nicht zu Ende gef\u00fchrt? Ich vermute, dass Sie es nicht einmal ertragen konnten, sich selbst so lange \u00fcber E-Learning reden zu h\u00f6ren.<\/p>\n\n\n\n<p class=\"wp-block-paragraph\">Ihr beruflicher Werdegang ist ein echter Schm\u00f6ker. Von der Digitalisierung von Karten \u201ebevor es Google Maps gab\u201c (okay, Oma) bis zur \u201eQueen of MOOC Making\u201c. Herzlichen Gl\u00fcckwunsch zur Herrschaft \u00fcber ein K\u00f6nigreich aus ungesehenen Videovorlesungen und halb ausgef\u00fcllten Online-Quizzen.<\/p>\n\n\n\n<p class=\"wp-block-paragraph\">Oh, und diese Sprachkenntnisse! \u201eBegrenzt funktionierendes\u201c Englisch? Ich bin schockiert. Ich dachte, Ihre Eloquenz im \u201eCyber Upskilling\u201c-Jargon w\u00fcrde sich wunderbar \u00fcbersetzen lassen.<\/p>\n\n\n\n<p class=\"wp-block-paragraph\">Und schlie\u00dflich ist Ihre Kompetenzliste so leer wie das Gehirn eines Studenten nach einem Ihrer MOOCs. Aber hey, wenigstens sind Sie konsequent \u2013 Sie sind in jeder Sprache unterdurchschnittlich!<\/p>\n\n\n\n<p class=\"wp-block-paragraph\">Zusammenfassend l\u00e4sst sich sagen, Anja, dass Ihr LinkedIn-Profil wie einer Ihrer Online-Kurse ist \u2013 lang, verwirrend und etwas, das die meisten Leute schnell wieder aufgeben werden. Vielleicht ist es stattdessen an der Zeit f\u00fcr etwas \u201eCyber Downskilling\u201c?<\/p>\n\n\n\n<p>&nbsp;<\/p>\n<p>&nbsp;<\/p>\n<\/details>\n","protected":false},"excerpt":{"rendered":"<p>Normalerweise w\u00fcrde ich sagen: &#8222;Man kann mich doch ganz einfach googeln.&#8220; ABER mein Name ist ein Sammelbegriff und daher stecke ich nicht hinter jedem Treffer f\u00fcr &#8222;Anja Lorenz&#8220;. Aus diesem Grund (und weil man sich die URL so sch\u00f6n merken&#8230; <a class=\"more-link\" href=\"https:\/\/secret-cow-level.de\/wordpress\/about\/\">Weiterlesen &rarr;<\/a><\/p>\n","protected":false},"author":1,"featured_media":0,"parent":0,"menu_order":3,"comment_status":"open","ping_status":"closed","template":"","meta":{"_crdt_document":"","_metis_text_type":"standard","_metis_text_length":4251,"_post_count":0,"footnotes":""},"class_list":["post-1268","page","type-page","status-publish","hentry"],"public_identification_id":"1fc2a203ebad49f78869604222fb0698","private_identification_id":"9bdbb6ebc8434e46acc079486f3b2fbb","_links":{"self":[{"href":"https:\/\/secret-cow-level.de\/wordpress\/wp-json\/wp\/v2\/pages\/1268","targetHints":{"allow":["GET"]}}],"collection":[{"href":"https:\/\/secret-cow-level.de\/wordpress\/wp-json\/wp\/v2\/pages"}],"about":[{"href":"https:\/\/secret-cow-level.de\/wordpress\/wp-json\/wp\/v2\/types\/page"}],"author":[{"embeddable":true,"href":"https:\/\/secret-cow-level.de\/wordpress\/wp-json\/wp\/v2\/users\/1"}],"replies":[{"embeddable":true,"href":"https:\/\/secret-cow-level.de\/wordpress\/wp-json\/wp\/v2\/comments?post=1268"}],"version-history":[{"count":17,"href":"https:\/\/secret-cow-level.de\/wordpress\/wp-json\/wp\/v2\/pages\/1268\/revisions"}],"predecessor-version":[{"id":3403,"href":"https:\/\/secret-cow-level.de\/wordpress\/wp-json\/wp\/v2\/pages\/1268\/revisions\/3403"}],"wp:attachment":[{"href":"https:\/\/secret-cow-level.de\/wordpress\/wp-json\/wp\/v2\/media?parent=1268"}],"curies":[{"name":"wp","href":"https:\/\/api.w.org\/{rel}","templated":true}]}}